3*o - 9505. Let u = -1307 + o. What is the tens digit of u?
9
Let g be (-978)/(-8) - (-2)/(-8). Suppose -4*j - 2*k - 92 = -6*j, -5*k = 3*j - g. What is the tens digit of (-2)/8 - (-7931)/j?
8
Let z = -2014 + 1790. Suppose -2*y + 973 = 2*l + l, 0 = 3*l - y - 958. Let w = l + z. What is the units digit of w?
7
Suppose -2*r - 64 = s, -s + 3*r - 79 = 2*r. Suppose -l = 2*h + 69, l + 33 = -h - l. Let i = h - s. What is the tens digit of i?
3
Suppose 3*o + 160896 = 34*s - 29*s, 4*s = 4*o + 128704. What is the tens digit of s?
8
Suppose 2*l = -15 - 179. Let h = l - -89. What is the tens digit of 4/((h/84)/((-4)/6))?
2
Suppose -12*u + 25 + 47 = 0. Suppose 3 + 21 = u*l. What is the units digit of ((-225)/l)/((-19)/76)?
5
Let j(r) = -r**2 - 11*r - 11. Let q be j(-7). Suppose 0*f - 9163 = -q*f. What is the units digit of f?
9
Let k = 167 - 252. What is the units digit of k/(-2) + (-9)/(-18)?
3
Suppose -2*u + 4*q + 2 = 0, -3*u - 1 = u - 3*q. Suppose -3*c - 12 = -6*c. What is the units digit of (c - -2)/(3 + u)?
3
Suppose 34*i - 33*i - 3*q = 48304, -3*i + q = -144944. What is the hundreds digit of i?
3
What is the thousands digit of (3/(-5) + 253/55)*107454/24?
7
Let v be -4 - (-5)/10*-28. Let x be (-18)/(-2)*(-48)/v. Suppose 0 = -i + x + 128. What is the units digit of i?
2
Let h = 1537 - 287. What is the hundreds digit of h?
2
Let k = -687 + 1114. Let q = k - 147. Suppose -8*m + 0*m + q = 0. What is the tens digit of m?
3
Let m(k) = 2*k**2 - 10*k - 102. Let o be m(-26). Let x = o - 302. What is the hundreds digit of x?
2
Suppose -271684 = u - 7*u - 8*u. What is the units digit of u?
6
Let p be 5151/(-21) + (-28)/(-98). Let v = -182 - p. What is the tens digit of v?
6
What is the thousands digit of ((-64208)/(-8) + -1 - 3) + 0?
8
Suppose 0 = 3*s - 7333 - 710. What is the tens digit of s?
8
Let v = -2291 + 7393. What is the hundreds digit of v?
1
Let y = 4395 - -2164. What is the units digit of y?
9
Suppose 0 = -4*q + 9*j - 4*j + 1289, 3 = j. Suppose -8*n + 2750 = q. What is the units digit of n?
3
Let d = 815 + 1033. Suppose -5*h + o = -d, -4*h - 22*o + 23*o = -1478. What is the tens digit of h?
7
Let x = 180 + -110. Let o(j) = -j**3 + 49*j**2 - 46*j - 123. Let w be o(48). Let a = w + x. What is the tens digit of a?
4
What is the tens digit of (14 + (-171)/18)/(9/87888)?
4
Suppose 4*z - 5*s - 9351 = 0, 3*z + 65*s = 66*s + 7005. What is the units digit of z?
4
Let c(g) = -g**3 - 18*g**2 + 1. Let h be c(-18). What is the thousands digit of 3 + 2164*h*(-3)/(-6)?
1
Let g(w) = 89*w - 72. Let b be g(5). Suppose -s = -513 + b. What is the units digit of s?
0
Let x(b) = b**2 - 9*b + 26. Let n = 58 + -54. Let k be x(n). What is the tens digit of (1675/10 + -4)*k/9?
0
Suppose 0 = -6*z - 33 + 99. Suppose 0 = -3*a + i + z, -5*a - 5*i = -2*i - 23. Suppose -a*q + 8*q - 296 = 0. What is the units digit of q?
4
Suppose -26*z = -31*z + 40. Let k(a) = -4*a**2 + 7*a + 18. Let y be k(z). Let n = -85 - y. What is the tens digit of n?
9
Suppose -78 = 9*g - 15*g. Suppose -2*f = g*f - 4950. What is the units digit of f?
0
Suppose 0 = -4*z + c + 71236, 229*c - 53426 = -3*z + 230*c. What is the ten thousands digit of z?
1
Suppose 7*b - 6068 = 5*b - 5*q, -3*b + 4*q + 9079 = 0. Suppose -4869 - b = -22*c. What is the units digit of c?
9
Let c(y) be the second derivative of -3*y + 37/3*y**3 + 0 + 1/3*y**4 - 21/2*y**2. What is the hundreds digit of c(-22)?
2
What is the tens digit of 5*(-2)/(-10)*(5 - 45171/(-7))?
5
Let d = 314 - 310. Let p(q) = 2*q**3 - 4*q**2 + 7*q - 4. What is the units digit of p(d)?
8
Suppose -167*k = -169*k - 4080. What is the tens digit of (-4)/(4/(k/1025) - -2)?
0
Suppose 3*n = -3*j + 57372, -212*j + 210*j - n + 38242 = 0. What is the ten thousands digit of j?
1
What is the hundreds digit of ((-702)/102 - (5 + -12)) + (-82686)/(-17)?
8
Let p be ((-54)/(-8))/3*(-69064)/(-291). Suppose -p = -2*g + 5*k - 149, 2*k = -3*g + 606. What is the hundreds digit of g?
2
Suppose 384 + 2676 = 12*b. Let p = 746 - b. What is the hundreds digit of p?
4
Let i(l) = -1196*l + 238. What is the thousands digit of i(-6)?
7
Suppose -2*l + 17315 = -160*a + 155*a, -3*l + 5*a + 25985 = 0. What is the thousands digit of l?
8
Let k be (2 + -8)*802/4 + -3. Let t = k - 30. What is the tens digit of t/(-15) + 1/((-5)/2)?
8
Let o(j) = -265*j + 125. Let d be o(-4). Let i = -340 + d. What is the hundreds digit of i?
8
Suppose 15 = 14*u - 55. Suppose -5070 = u*n - 11*n. What is the tens digit of n?
4
Suppose 0 = 107*u + 175*u + 4*u - 7930494. What is the ten thousands digit of u?
2
Let y be -4 + (-136)/(-32) + (-1621)/4. Let n = 59 - y. What is the tens digit of n?
6
Suppose -3*k + 5 + 4 = 0. Suppose 0 = -k*o + 6. Suppose 5*p - 79 = 3*q, -p + o*q - 6*q = -2. What is the tens digit of p?
1
Let g(s) be the second derivative of -5*s**3/6 + 57*s**2 + s - 13. What is the units digit of g(-22)?
4
Let y(r) = -r**3 + r**2 + 10*r + 11. Let h be y(-2). Let q(x) = 132*x - 69. What is the hundreds digit of q(h)?
3
Let w(k) = -k**2 - 19*k + 48. Let o be w(-21). Let m be o/10*15/(-12)*132. Let c = m + 182. What is the tens digit of c?
8
Let d be (-1)/(3/(0 + -15)). Suppose 8*j - 4290 = -d*j. What is the tens digit of j?
3
Let y(q) = -4*q**2 - 3*q + 5. Let p(w) = -7*w**2 - 7*w + 11. Let a(t) = 3*p(t) - 5*y(t). Let o be a(-6). Suppose -6*h - 146 = -o*h. What is the tens digit of h?
7
Suppose 6*i = -17 + 41. Let s(u) = -4*u + 89*u**2 - u + 0*u + i - 46*u**2. What is the units digit of s(2)?
6
Let v be (90/(-21))/((-7)/196). Let w = v + -132. Let g(d) = d**3 + 14*d**2 + 12*d - 4. What is the hundreds digit of g(w)?
1
Let p be -2*((-4 - (653 - -5)) + 0). Let i = -428 + p. What is the hundreds digit of i?
8
Let d = -637 + 640. Suppose d*s + 5*k = 2055, 0 = -2*s - 2*k + 4*k + 1370. What is the tens digit of s?
8
Suppose -3*q + 79431 = 3*r, -36*r + 79423 = -33*r + 5*q. What is the thousands digit of r?
6
Let b = 21 + -12. Suppose -160 = -b*w + w. What is the units digit of 6/8 - ((-905)/w + 2)?
4
Suppose -1287 = 323*i - 336*i. What is the tens digit of i?
9
Let v = 17 + -74. Let l = v + 62. Suppose 5*b + 550 = l*k, -3*k - 2*b = 2*k - 564. What is the units digit of k?
2
Suppose 0 = 2*m - 636 + 94. Suppose m + 50 = 3*q. Let i = q - 22. What is the tens digit of i?
8
Suppose x - 2666 = u + 2126, 8*x = 3*u + 38306. What is the hundreds digit of x?
7
Let r = 102 + -44. Let h = r + -70. What is the units digit of 5*4*(-21)/h?
5
Let d be ((-4)/(-6))/(((-12)/4)/(-189)). Suppose 16 = 4*n - 0*n. What is the hundreds digit of n/14 + 4356/d + 1?
1
Let w = 207 + -435. Let y = w + 419. What is the tens digit of y?
9
Let w = -72 + 78. Suppose w*i - 78 = 5*i. Let v = i + -42. What is the units digit of v?
6
Suppose 0 = -1277*j + 1272*j + s + 158095, -5*j + 3*s + 158095 = 0. What is the hundreds digit of j?
6
Suppose 3*z + 120399 = 3*o - o, -4*o + 240812 = -4*z. What is the thousands digit of o?
0
Suppose 0 = -7*u + 151 + 59. Let j be (-18)/135 + 4/u. What is the tens digit of (1304/10 - j) + 2/(-5)?
3
Let f = 35 + 10. Let z = 49 - f. Suppose 0 = -2*i - 7 - 3, -3*w = -z*i - 284. What is the tens digit of w?
8
Let o(j) be the second derivative of -j**4/12 - 17*j**3/6 - 9*j**2/2 - 11*j. Let c be o(-16). Let n = 15 - c. What is the units digit of n?
8
Suppose 95*d + 1856 = f + 90*d, -10 = 5*d. What is the thousands digit of f?
1
Let y be (-2 + 26)/((-7)/35). Let h = y + 124. Suppose 9*s = 4*s + 4*f + 292, -h*s - 3*f = -215. What is the tens digit of s?
5
Let y be (0/2)/(-3) - -4. Suppose 9 = -y*f + 1. What is the units digit of (-244)/(-6) + f/(-6)?
1
Suppose 24*y = 1282 + 926. What is the units digit of 12*(-2)/((-8)/y) - 5?
1
What is the hundreds digit of 16737*(-12 + (-1728)/(-112))?
3
Suppose 11 - 1 = 5*v. Let h be (-1)/1 - v - (2 + -5). Suppose z - 220 = -2*z + 4*q, 5*q + 20 = h. What is the units digit of z?
8
Suppose -195*l = 17*l + 76*l - 2110176. What is the units digit of l?
7
Suppose -10419 = 52*t - 55*t - a, -6959 = -2*t - 5*a. What is the thousands digit of t?
3
Suppose -30*p + 42 = -37*p. Let x(d) = -2*d**3 - 7*d**2 + 13*d + 6. What is the tens digit of x(p)?
0
Let l = -290 - -167. Let g = l - -418. What is the hundreds digit of g?
2
Let w(o) be the second derivative of -o**3/6 + 11*o**2/2 - 7*o. Let z be w(9). Suppose